{"id":2017,"date":"2023-03-15T21:27:34","date_gmt":"2023-03-15T20:27:34","guid":{"rendered":"https:\/\/www.mosigkau.net\/?post_type=tribe_events&#038;p=2017"},"modified":"2023-03-15T22:24:37","modified_gmt":"2023-03-15T21:24:37","slug":"der-wille-der-prinzessin","status":"publish","type":"tribe_events","link":"https:\/\/mosigkau-net.datel-dessau.de\/cms\/event\/der-wille-der-prinzessin\/","title":{"rendered":"Der Wille der Prinzessin"},"content":{"rendered":"<h2><span id=\"modalTitle\">Der Wille der Prinzessin<\/span><\/h2>\n<p><span id=\"modalTitle\"><\/span><span id=\"modalSubTitle\">Donnerstags im Gartenreich<\/span><\/p>\n<p>Schlossf\u00fchrung anl\u00e4sslich des Todestages der Prinzessin Anna Wilhelmine mit Andreas Mehnert, Abteilung Schl\u00f6sser und Sammlungen<\/p>\n<div class=\"modalInfo\">\n<p><strong>Anmeldung:<\/strong> <a href=\"mailto:schloss-mosigkau@gartenreich.de\">schloss-mosigkau@gartenreich.de<\/a><br \/>\noder <a href=\"tel:+4934050255721\">+49 (0) 340 50255721<\/a><br \/>\n<strong>Treffpunkt:<\/strong> Gartenreichladen<\/p>\n<\/div>\n<p>&nbsp;<\/p>\n","protected":false},"excerpt":{"rendered":"<p>Der Wille der Prinzessin Donnerstags im Gartenreich Schlossf\u00fchrung anl\u00e4sslich des Todestages der Prinzessin Anna Wilhelmine mit<\/p>\n","protected":false},"author":2,"featured_media":643,"template":"","meta":{"_tribe_events_status":"","_tribe_events_status_reason":"","footnotes":""},"tags":[],"tribe_events_cat":[],"class_list":["post-2017","tribe_events","type-tribe_events","status-publish","has-post-thumbnail","hentry"],"yoast_head":"<!-- This site is optimized with the Yoast SEO plugin v28.3 - https:\/\/yoast.com\/product\/yoast-seo-wordpress\/ -->\n<title>Der Wille der Prinzessin - Mosigkau NET(T)<\/title>\n<meta name=\"robots\" content=\"index, follow, max-snippet:-1, max-image-preview:large, max-video-preview:-1\" \/>\n<link rel=\"canonical\" href=\"https:\/\/mosigkau-net.datel-dessau.de\/cms\/event\/der-wille-der-prinzessin\/\" \/>\n<meta property=\"og:locale\" content=\"de_DE\" \/>\n<meta property=\"og:type\" content=\"article\" \/>\n<meta property=\"og:title\" content=\"Der Wille der Prinzessin - Mosigkau NET(T)\" \/>\n<meta property=\"og:description\" content=\"Der Wille der Prinzessin Donnerstags im Gartenreich Schlossf\u00fchrung anl\u00e4sslich des Todestages der Prinzessin Anna Wilhelmine mit\" \/>\n<meta property=\"og:url\" content=\"https:\/\/mosigkau-net.datel-dessau.de\/cms\/event\/der-wille-der-prinzessin\/\" \/>\n<meta property=\"og:site_name\" content=\"Mosigkau NET(T)\" \/>\n<meta property=\"article:modified_time\" content=\"2023-03-15T21:24:37+00:00\" \/>\n<meta property=\"og:image\" content=\"https:\/\/mosigkau-net.datel-dessau.de\/cms\/cms\/wp-content\/uploads\/2022\/03\/Schloss_mosigkau.png\" \/>\n\t<meta property=\"og:image:width\" content=\"648\" \/>\n\t<meta property=\"og:image:height\" content=\"262\" \/>\n\t<meta property=\"og:image:type\" content=\"image\/png\" \/>\n<meta name=\"twitter:card\" content=\"summary_large_image\" \/>\n<meta name=\"twitter:label1\" content=\"Gesch\u00e4tzte Lesezeit\" \/>\n\t<meta name=\"twitter:data1\" content=\"1\u00a0Minute\" \/>\n<script type=\"application\/ld+json\" class=\"yoast-schema-graph\">{\"@context\":\"https:\\\/\\\/schema.org\",\"@graph\":[{\"@type\":\"WebPage\",\"@id\":\"https:\\\/\\\/mosigkau-net.datel-dessau.de\\\/cms\\\/event\\\/der-wille-der-prinzessin\\\/\",\"url\":\"https:\\\/\\\/mosigkau-net.datel-dessau.de\\\/cms\\\/event\\\/der-wille-der-prinzessin\\\/\",\"name\":\"Der Wille der Prinzessin - Mosigkau NET(T)\",\"isPartOf\":{\"@id\":\"https:\\\/\\\/mosigkau-net.datel-dessau.de\\\/cms\\\/#website\"},\"primaryImageOfPage\":{\"@id\":\"https:\\\/\\\/mosigkau-net.datel-dessau.de\\\/cms\\\/event\\\/der-wille-der-prinzessin\\\/#primaryimage\"},\"image\":{\"@id\":\"https:\\\/\\\/mosigkau-net.datel-dessau.de\\\/cms\\\/event\\\/der-wille-der-prinzessin\\\/#primaryimage\"},\"thumbnailUrl\":\"https:\\\/\\\/mosigkau-net.datel-dessau.de\\\/cms\\\/wp-content\\\/uploads\\\/2022\\\/03\\\/Schloss_mosigkau.png\",\"datePublished\":\"2023-03-15T20:27:34+00:00\",\"dateModified\":\"2023-03-15T21:24:37+00:00\",\"breadcrumb\":{\"@id\":\"https:\\\/\\\/mosigkau-net.datel-dessau.de\\\/cms\\\/event\\\/der-wille-der-prinzessin\\\/#breadcrumb\"},\"inLanguage\":\"de\",\"potentialAction\":[{\"@type\":\"ReadAction\",\"target\":[\"https:\\\/\\\/mosigkau-net.datel-dessau.de\\\/cms\\\/event\\\/der-wille-der-prinzessin\\\/\"]}]},{\"@type\":\"ImageObject\",\"inLanguage\":\"de\",\"@id\":\"https:\\\/\\\/mosigkau-net.datel-dessau.de\\\/cms\\\/event\\\/der-wille-der-prinzessin\\\/#primaryimage\",\"url\":\"https:\\\/\\\/mosigkau-net.datel-dessau.de\\\/cms\\\/wp-content\\\/uploads\\\/2022\\\/03\\\/Schloss_mosigkau.png\",\"contentUrl\":\"https:\\\/\\\/mosigkau-net.datel-dessau.de\\\/cms\\\/wp-content\\\/uploads\\\/2022\\\/03\\\/Schloss_mosigkau.png\",\"width\":648,\"height\":262},{\"@type\":\"BreadcrumbList\",\"@id\":\"https:\\\/\\\/mosigkau-net.datel-dessau.de\\\/cms\\\/event\\\/der-wille-der-prinzessin\\\/#breadcrumb\",\"itemListElement\":[{\"@type\":\"ListItem\",\"position\":1,\"name\":\"Startseite\",\"item\":\"https:\\\/\\\/mosigkau-net.datel-dessau.de\\\/cms\\\/\"},{\"@type\":\"ListItem\",\"position\":2,\"name\":\"Veranstaltungen\",\"item\":\"https:\\\/\\\/mosigkau-net.datel-dessau.de\\\/cms\\\/events\\\/\"},{\"@type\":\"ListItem\",\"position\":3,\"name\":\"Der Wille der Prinzessin\"}]},{\"@type\":\"WebSite\",\"@id\":\"https:\\\/\\\/mosigkau-net.datel-dessau.de\\\/cms\\\/#website\",\"url\":\"https:\\\/\\\/mosigkau-net.datel-dessau.de\\\/cms\\\/\",\"name\":\"Mosigkau NET(T)\",\"description\":\"Informationen rund um Mosigkau\",\"publisher\":{\"@id\":\"https:\\\/\\\/mosigkau-net.datel-dessau.de\\\/cms\\\/#organization\"},\"potentialAction\":[{\"@type\":\"SearchAction\",\"target\":{\"@type\":\"EntryPoint\",\"urlTemplate\":\"https:\\\/\\\/mosigkau-net.datel-dessau.de\\\/cms\\\/?s={search_term_string}\"},\"query-input\":{\"@type\":\"PropertyValueSpecification\",\"valueRequired\":true,\"valueName\":\"search_term_string\"}}],\"inLanguage\":\"de\"},{\"@type\":\"Organization\",\"@id\":\"https:\\\/\\\/mosigkau-net.datel-dessau.de\\\/cms\\\/#organization\",\"name\":\"Mosigkau NET(T)\",\"url\":\"https:\\\/\\\/mosigkau-net.datel-dessau.de\\\/cms\\\/\",\"logo\":{\"@type\":\"ImageObject\",\"inLanguage\":\"de\",\"@id\":\"https:\\\/\\\/mosigkau-net.datel-dessau.de\\\/cms\\\/#\\\/schema\\\/logo\\\/image\\\/\",\"url\":\"https:\\\/\\\/mosigkau-net.datel-dessau.de\\\/cms\\\/cms\\\/wp-content\\\/uploads\\\/2021\\\/08\\\/wappen.png\",\"contentUrl\":\"https:\\\/\\\/mosigkau-net.datel-dessau.de\\\/cms\\\/cms\\\/wp-content\\\/uploads\\\/2021\\\/08\\\/wappen.png\",\"width\":512,\"height\":512,\"caption\":\"Mosigkau NET(T)\"},\"image\":{\"@id\":\"https:\\\/\\\/mosigkau-net.datel-dessau.de\\\/cms\\\/#\\\/schema\\\/logo\\\/image\\\/\"}}]}<\/script>\n<!-- \/ Yoast SEO plugin. -->","yoast_head_json":{"title":"Der Wille der Prinzessin - Mosigkau NET(T)","robots":{"index":"index","follow":"follow","max-snippet":"max-snippet:-1","max-image-preview":"max-image-preview:large","max-video-preview":"max-video-preview:-1"},"canonical":"https:\/\/mosigkau-net.datel-dessau.de\/cms\/event\/der-wille-der-prinzessin\/","og_locale":"de_DE","og_type":"article","og_title":"Der Wille der Prinzessin - Mosigkau NET(T)","og_description":"Der Wille der Prinzessin Donnerstags im Gartenreich Schlossf\u00fchrung anl\u00e4sslich des Todestages der Prinzessin Anna Wilhelmine mit","og_url":"https:\/\/mosigkau-net.datel-dessau.de\/cms\/event\/der-wille-der-prinzessin\/","og_site_name":"Mosigkau NET(T)","article_modified_time":"2023-03-15T21:24:37+00:00","og_image":[{"width":648,"height":262,"url":"https:\/\/mosigkau-net.datel-dessau.de\/cms\/cms\/wp-content\/uploads\/2022\/03\/Schloss_mosigkau.png","type":"image\/png"}],"twitter_card":"summary_large_image","twitter_misc":{"Gesch\u00e4tzte Lesezeit":"1\u00a0Minute"},"schema":{"@context":"https:\/\/schema.org","@graph":[{"@type":"WebPage","@id":"https:\/\/mosigkau-net.datel-dessau.de\/cms\/event\/der-wille-der-prinzessin\/","url":"https:\/\/mosigkau-net.datel-dessau.de\/cms\/event\/der-wille-der-prinzessin\/","name":"Der Wille der Prinzessin - Mosigkau NET(T)","isPartOf":{"@id":"https:\/\/mosigkau-net.datel-dessau.de\/cms\/#website"},"primaryImageOfPage":{"@id":"https:\/\/mosigkau-net.datel-dessau.de\/cms\/event\/der-wille-der-prinzessin\/#primaryimage"},"image":{"@id":"https:\/\/mosigkau-net.datel-dessau.de\/cms\/event\/der-wille-der-prinzessin\/#primaryimage"},"thumbnailUrl":"https:\/\/mosigkau-net.datel-dessau.de\/cms\/wp-content\/uploads\/2022\/03\/Schloss_mosigkau.png","datePublished":"2023-03-15T20:27:34+00:00","dateModified":"2023-03-15T21:24:37+00:00","breadcrumb":{"@id":"https:\/\/mosigkau-net.datel-dessau.de\/cms\/event\/der-wille-der-prinzessin\/#breadcrumb"},"inLanguage":"de","potentialAction":[{"@type":"ReadAction","target":["https:\/\/mosigkau-net.datel-dessau.de\/cms\/event\/der-wille-der-prinzessin\/"]}]},{"@type":"ImageObject","inLanguage":"de","@id":"https:\/\/mosigkau-net.datel-dessau.de\/cms\/event\/der-wille-der-prinzessin\/#primaryimage","url":"https:\/\/mosigkau-net.datel-dessau.de\/cms\/wp-content\/uploads\/2022\/03\/Schloss_mosigkau.png","contentUrl":"https:\/\/mosigkau-net.datel-dessau.de\/cms\/wp-content\/uploads\/2022\/03\/Schloss_mosigkau.png","width":648,"height":262},{"@type":"BreadcrumbList","@id":"https:\/\/mosigkau-net.datel-dessau.de\/cms\/event\/der-wille-der-prinzessin\/#breadcrumb","itemListElement":[{"@type":"ListItem","position":1,"name":"Startseite","item":"https:\/\/mosigkau-net.datel-dessau.de\/cms\/"},{"@type":"ListItem","position":2,"name":"Veranstaltungen","item":"https:\/\/mosigkau-net.datel-dessau.de\/cms\/events\/"},{"@type":"ListItem","position":3,"name":"Der Wille der Prinzessin"}]},{"@type":"WebSite","@id":"https:\/\/mosigkau-net.datel-dessau.de\/cms\/#website","url":"https:\/\/mosigkau-net.datel-dessau.de\/cms\/","name":"Mosigkau NET(T)","description":"Informationen rund um Mosigkau","publisher":{"@id":"https:\/\/mosigkau-net.datel-dessau.de\/cms\/#organization"},"potentialAction":[{"@type":"SearchAction","target":{"@type":"EntryPoint","urlTemplate":"https:\/\/mosigkau-net.datel-dessau.de\/cms\/?s={search_term_string}"},"query-input":{"@type":"PropertyValueSpecification","valueRequired":true,"valueName":"search_term_string"}}],"inLanguage":"de"},{"@type":"Organization","@id":"https:\/\/mosigkau-net.datel-dessau.de\/cms\/#organization","name":"Mosigkau NET(T)","url":"https:\/\/mosigkau-net.datel-dessau.de\/cms\/","logo":{"@type":"ImageObject","inLanguage":"de","@id":"https:\/\/mosigkau-net.datel-dessau.de\/cms\/#\/schema\/logo\/image\/","url":"https:\/\/mosigkau-net.datel-dessau.de\/cms\/cms\/wp-content\/uploads\/2021\/08\/wappen.png","contentUrl":"https:\/\/mosigkau-net.datel-dessau.de\/cms\/cms\/wp-content\/uploads\/2021\/08\/wappen.png","width":512,"height":512,"caption":"Mosigkau NET(T)"},"image":{"@id":"https:\/\/mosigkau-net.datel-dessau.de\/cms\/#\/schema\/logo\/image\/"}}]}},"publishpress_future_workflow_manual_trigger":{"enabledWorkflows":[]},"_links":{"self":[{"href":"https:\/\/mosigkau-net.datel-dessau.de\/cms\/wp-json\/wp\/v2\/tribe_events\/2017","targetHints":{"allow":["GET"]}}],"collection":[{"href":"https:\/\/mosigkau-net.datel-dessau.de\/cms\/wp-json\/wp\/v2\/tribe_events"}],"about":[{"href":"https:\/\/mosigkau-net.datel-dessau.de\/cms\/wp-json\/wp\/v2\/types\/tribe_events"}],"author":[{"embeddable":true,"href":"https:\/\/mosigkau-net.datel-dessau.de\/cms\/wp-json\/wp\/v2\/users\/2"}],"version-history":[{"count":3,"href":"https:\/\/mosigkau-net.datel-dessau.de\/cms\/wp-json\/wp\/v2\/tribe_events\/2017\/revisions"}],"predecessor-version":[{"id":2045,"href":"https:\/\/mosigkau-net.datel-dessau.de\/cms\/wp-json\/wp\/v2\/tribe_events\/2017\/revisions\/2045"}],"wp:featuredmedia":[{"embeddable":true,"href":"https:\/\/mosigkau-net.datel-dessau.de\/cms\/wp-json\/wp\/v2\/media\/643"}],"wp:attachment":[{"href":"https:\/\/mosigkau-net.datel-dessau.de\/cms\/wp-json\/wp\/v2\/media?parent=2017"}],"wp:term":[{"taxonomy":"post_tag","embeddable":true,"href":"https:\/\/mosigkau-net.datel-dessau.de\/cms\/wp-json\/wp\/v2\/tags?post=2017"},{"taxonomy":"tribe_events_cat","embeddable":true,"href":"https:\/\/mosigkau-net.datel-dessau.de\/cms\/wp-json\/wp\/v2\/tribe_events_cat?post=2017"}],"curies":[{"name":"wp","href":"https:\/\/api.w.org\/{rel}","templated":true}]}}

<h2><span id="modalTitle">Der Wille der Prinzessin</span></h2>
<p><span id="modalTitle"></span><span id="modalSubTitle">Donnerstags im Gartenreich</span></p>
<p>Schlossführung anlässlich des Todestages der Prinzessin Anna Wilhelmine mit Andreas Mehnert, Abteilung Schlösser und Sammlungen</p>
<div class="modalInfo">
<p><strong>Anmeldung:</strong> <a href="mailto:schloss-mosigkau@gartenreich.de">schloss-mosigkau@gartenreich.de</a><br />
oder <a href="tel:+4934050255721">+49 (0) 340 50255721</a><br />
<strong>Treffpunkt:</strong> Gartenreichladen</p>
</div>
<p>&nbsp;</p>

<p>Der Wille der Prinzessin Donnerstags im Gartenreich Schlossführung anlässlich des Todestages der Prinzessin Anna Wilhelmine mit</p>

<!-- This site is optimized with the Yoast SEO plugin v28.3 - https://yoast.com/product/yoast-seo-wordpress/ -->
<title>Der Wille der Prinzessin - Mosigkau NET(T)</title>
<meta name="robots" content="index, follow, max-snippet:-1, max-image-preview:large, max-video-preview:-1" />
<link rel="canonical" href="https://mosigkau-net.datel-dessau.de/cms/event/der-wille-der-prinzessin/" />
<meta property="og:locale" content="de_DE" />
<meta property="og:type" content="article" />
<meta property="og:title" content="Der Wille der Prinzessin - Mosigkau NET(T)" />
<meta property="og:description" content="Der Wille der Prinzessin Donnerstags im Gartenreich Schlossführung anlässlich des Todestages der Prinzessin Anna Wilhelmine mit" />
<meta property="og:url" content="https://mosigkau-net.datel-dessau.de/cms/event/der-wille-der-prinzessin/" />
<meta property="og:site_name" content="Mosigkau NET(T)" />
<meta property="article:modified_time" content="2023-03-15T21:24:37+00:00" />
<meta property="og:image" content="https://mosigkau-net.datel-dessau.de/cms/cms/wp-content/uploads/2022/03/Schloss_mosigkau.png" />
	<meta property="og:image:width" content="648" />
	<meta property="og:image:height" content="262" />
	<meta property="og:image:type" content="image/png" />
<meta name="twitter:card" content="summary_large_image" />
<meta name="twitter:label1" content="Geschätzte Lesezeit" />
	<meta name="twitter:data1" content="1 Minute" />
<script type="application/ld+json" class="yoast-schema-graph">{"@context":"https:\/\/schema.org","@graph":[{"@type":"WebPage","@id":"https:\/\/mosigkau-net.datel-dessau.de\/cms\/event\/der-wille-der-prinzessin\/","url":"https:\/\/mosigkau-net.datel-dessau.de\/cms\/event\/der-wille-der-prinzessin\/","name":"Der Wille der Prinzessin - Mosigkau NET(T)","isPartOf":{"@id":"https:\/\/mosigkau-net.datel-dessau.de\/cms\/#website"},"primaryImageOfPage":{"@id":"https:\/\/mosigkau-net.datel-dessau.de\/cms\/event\/der-wille-der-prinzessin\/#primaryimage"},"image":{"@id":"https:\/\/mosigkau-net.datel-dessau.de\/cms\/event\/der-wille-der-prinzessin\/#primaryimage"},"thumbnailUrl":"https:\/\/mosigkau-net.datel-dessau.de\/cms\/wp-content\/uploads\/2022\/03\/Schloss_mosigkau.png","datePublished":"2023-03-15T20:27:34+00:00","dateModified":"2023-03-15T21:24:37+00:00","breadcrumb":{"@id":"https:\/\/mosigkau-net.datel-dessau.de\/cms\/event\/der-wille-der-prinzessin\/#breadcrumb"},"inLanguage":"de","potentialAction":[{"@type":"ReadAction","target":["https:\/\/mosigkau-net.datel-dessau.de\/cms\/event\/der-wille-der-prinzessin\/"]}]},{"@type":"ImageObject","inLanguage":"de","@id":"https:\/\/mosigkau-net.datel-dessau.de\/cms\/event\/der-wille-der-prinzessin\/#primaryimage","url":"https:\/\/mosigkau-net.datel-dessau.de\/cms\/wp-content\/uploads\/2022\/03\/Schloss_mosigkau.png","contentUrl":"https:\/\/mosigkau-net.datel-dessau.de\/cms\/wp-content\/uploads\/2022\/03\/Schloss_mosigkau.png","width":648,"height":262},{"@type":"BreadcrumbList","@id":"https:\/\/mosigkau-net.datel-dessau.de\/cms\/event\/der-wille-der-prinzessin\/#breadcrumb","itemListElement":[{"@type":"ListItem","position":1,"name":"Startseite","item":"https:\/\/mosigkau-net.datel-dessau.de\/cms\/"},{"@type":"ListItem","position":2,"name":"Veranstaltungen","item":"https:\/\/mosigkau-net.datel-dessau.de\/cms\/events\/"},{"@type":"ListItem","position":3,"name":"Der Wille der Prinzessin"}]},{"@type":"WebSite","@id":"https:\/\/mosigkau-net.datel-dessau.de\/cms\/#website","url":"https:\/\/mosigkau-net.datel-dessau.de\/cms\/","name":"Mosigkau NET(T)","description":"Informationen rund um Mosigkau","publisher":{"@id":"https:\/\/mosigkau-net.datel-dessau.de\/cms\/#organization"},"potentialAction":[{"@type":"SearchAction","target":{"@type":"EntryPoint","urlTemplate":"https:\/\/mosigkau-net.datel-dessau.de\/cms\/?s={search_term_string}"},"query-input":{"@type":"PropertyValueSpecification","valueRequired":true,"valueName":"search_term_string"}}],"inLanguage":"de"},{"@type":"Organization","@id":"https:\/\/mosigkau-net.datel-dessau.de\/cms\/#organization","name":"Mosigkau NET(T)","url":"https:\/\/mosigkau-net.datel-dessau.de\/cms\/","logo":{"@type":"ImageObject","inLanguage":"de","@id":"https:\/\/mosigkau-net.datel-dessau.de\/cms\/#\/schema\/logo\/image\/","url":"https:\/\/mosigkau-net.datel-dessau.de\/cms\/cms\/wp-content\/uploads\/2021\/08\/wappen.png","contentUrl":"https:\/\/mosigkau-net.datel-dessau.de\/cms\/cms\/wp-content\/uploads\/2021\/08\/wappen.png","width":512,"height":512,"caption":"Mosigkau NET(T)"},"image":{"@id":"https:\/\/mosigkau-net.datel-dessau.de\/cms\/#\/schema\/logo\/image\/"}}]}</script>
<!-- / Yoast SEO plugin. -->

Der Wille der Prinzessin Donnerstags im Gartenreich Schlossführung anlässlich des Todestages der Prinzessin Anna Wilhelmine mit
